{"id":887,"date":"2024-10-29T17:53:14","date_gmt":"2024-10-29T16:53:14","guid":{"rendered":"https:\/\/hetman.augustow.pl\/?page_id=887"},"modified":"2024-10-31T08:26:56","modified_gmt":"2024-10-31T07:26:56","slug":"strona_glowna","status":"publish","type":"page","link":"https:\/\/hetman.augustow.pl\/","title":{"rendered":"Strona g\u0142\u00f3wna"},"content":{"rendered":"\t\t<div data-elementor-type=\"wp-page\" data-elementor-id=\"887\" class=\"elementor elementor-887\">\n\t\t\t\t<div data-particle_enable=\"false\" data-particle-mobile-disabled=\"false\" class=\"elementor-element elementor-element-a22d9d6 e-flex e-con-boxed e-con e-parent\" data-id=\"a22d9d6\" data-element_type=\"container\" data-settings=\"{&quot;background_background&quot;:&quot;slideshow&quot;,&quot;background_slideshow_gallery&quot;:[{&quot;id&quot;:891,&quot;url&quot;:&quot;https:\\\/\\\/hetman.augustow.pl\\\/wp-content\\\/uploads\\\/2024\\\/10\\\/hetman_jesien_02.jpg&quot;},{&quot;id&quot;:908,&quot;url&quot;:&quot;https:\\\/\\\/hetman.augustow.pl\\\/wp-content\\\/uploads\\\/2024\\\/10\\\/hetman_jesien_19.jpg&quot;},{&quot;id&quot;:904,&quot;url&quot;:&quot;https:\\\/\\\/hetman.augustow.pl\\\/wp-content\\\/uploads\\\/2024\\\/10\\\/hetman_jesien_15.jpg&quot;},{&quot;id&quot;:900,&quot;url&quot;:&quot;https:\\\/\\\/hetman.augustow.pl\\\/wp-content\\\/uploads\\\/2024\\\/10\\\/hetman_jesien_11.jpg&quot;},{&quot;id&quot;:902,&quot;url&quot;:&quot;https:\\\/\\\/hetman.augustow.pl\\\/wp-content\\\/uploads\\\/2024\\\/10\\\/hetman_jesien_13.jpg&quot;}],&quot;background_slideshow_slide_duration&quot;:9000,&quot;background_slideshow_transition_duration&quot;:3000,&quot;background_slideshow_lazyload&quot;:&quot;yes&quot;,&quot;background_slideshow_ken_burns&quot;:&quot;yes&quot;,&quot;background_slideshow_loop&quot;:&quot;yes&quot;,&quot;background_slideshow_slide_transition&quot;:&quot;fade&quot;,&quot;background_slideshow_ken_burns_zoom_direction&quot;:&quot;in&quot;}\">\n\t\t\t\t\t<div class=\"e-con-inner\">\n\t\t\t\t<div class=\"elementor-element elementor-element-15a26ac animated-slow elementor-invisible elementor-widget elementor-widget-text-editor\" data-id=\"15a26ac\" data-element_type=\"widget\" data-settings=\"{&quot;_animation&quot;:&quot;fadeInLeft&quot;}\" data-widget_type=\"text-editor.default\">\n\t\t\t\t<div class=\"elementor-widget-container\">\n\t\t\t\t\t\t\t<h2 class=\"wp-block-heading\"><span style=\"font-weight: normal;\">ZAJAZD DYSPONUJE PONAD 100 MIEJSCAMI NOCLEGOWYMI.<\/span><\/h2>\t\t\t\t\t\t<\/div>\n\t\t\t\t<\/div>\n\t\t\t\t<div class=\"elementor-element elementor-element-e99a96c elementor-widget elementor-widget-spacer\" data-id=\"e99a96c\" data-element_type=\"widget\" data-widget_type=\"spacer.default\">\n\t\t\t\t<div class=\"elementor-widget-container\">\n\t\t\t\t\t<div class=\"elementor-spacer\">\n\t\t\t<div class=\"elementor-spacer-inner\"><\/div>\n\t\t<\/div>\n\t\t\t\t<\/div>\n\t\t\t\t<\/div>\n\t\t\t\t<div class=\"elementor-element elementor-element-1c5d4f6 animated-slow elementor-invisible elementor-widget elementor-widget-text-editor\" data-id=\"1c5d4f6\" data-element_type=\"widget\" data-settings=\"{&quot;_animation&quot;:&quot;fadeInRight&quot;}\" data-widget_type=\"text-editor.default\">\n\t\t\t\t<div class=\"elementor-widget-container\">\n\t\t\t\t\t\t\t<h2 class=\"wp-block-heading\"><span style=\"font-weight: normal;\">POSIADAMY POKOJE<\/span><\/h2>\n<h2 class=\"wp-block-heading\"><span style=\"font-weight: normal;\">&nbsp;2, 3, 4 ORAZ 5 OSOBOWE.<\/span><\/h2>\t\t\t\t\t\t<\/div>\n\t\t\t\t<\/div>\n\t\t\t\t<div class=\"elementor-element elementor-element-0591821 elementor-widget elementor-widget-spacer\" data-id=\"0591821\" data-element_type=\"widget\" data-widget_type=\"spacer.default\">\n\t\t\t\t<div class=\"elementor-widget-container\">\n\t\t\t\t\t<div class=\"elementor-spacer\">\n\t\t\t<div class=\"elementor-spacer-inner\"><\/div>\n\t\t<\/div>\n\t\t\t\t<\/div>\n\t\t\t\t<\/div>\n\t\t\t\t<div class=\"elementor-element elementor-element-f2f3bce elementor-position-right animated-slow elementor-position-top elementor-vertical-align-middle elementor-vertical-align-top elementor-invisible elementor-widget elementor-widget-image-box\" data-id=\"f2f3bce\" data-element_type=\"widget\" data-settings=\"{&quot;_animation&quot;:&quot;fadeInLeft&quot;}\" data-widget_type=\"image-box.default\">\n\t\t\t\t<div class=\"elementor-widget-container\">\n\t\t\t<div class=\"elementor-image-box-wrapper\"><figure class=\"elementor-image-box-img\"><img fetchpriority=\"high\" decoding=\"async\" width=\"1620\" height=\"1080\" src=\"https:\/\/hetman.augustow.pl\/wp-content\/uploads\/2024\/10\/hetman_jesien_20.jpg\" class=\"attachment-full size-full wp-image-909\" alt=\"\" srcset=\"https:\/\/hetman.augustow.pl\/wp-content\/uploads\/2024\/10\/hetman_jesien_20.jpg 1620w, https:\/\/hetman.augustow.pl\/wp-content\/uploads\/2024\/10\/hetman_jesien_20-300x200.jpg 300w, https:\/\/hetman.augustow.pl\/wp-content\/uploads\/2024\/10\/hetman_jesien_20-1024x683.jpg 1024w, https:\/\/hetman.augustow.pl\/wp-content\/uploads\/2024\/10\/hetman_jesien_20-768x512.jpg 768w, https:\/\/hetman.augustow.pl\/wp-content\/uploads\/2024\/10\/hetman_jesien_20-1536x1024.jpg 1536w\" sizes=\"(max-width: 1620px) 100vw, 1620px\" \/><\/figure><div class=\"elementor-image-box-content\"><p class=\"elementor-image-box-description\">Zajazd Turystyczny \u201eHetman\u201d wybudowano w 1939r. Otwarcia obiektu dokona\u0142 Ignacy Mo\u015bcicki. <br>Obecnie budynek jest wpisany do rejestru zabytk\u00f3w. Zaprojektowany zosta\u0142 przez \u015bwiatowej s\u0142awy architekta Macieja Nowickiego.<\/p><\/div><\/div>\t\t<\/div>\n\t\t\t\t<\/div>\n\t\t\t\t<div class=\"elementor-element elementor-element-c82f140 elementor-widget elementor-widget-spacer\" data-id=\"c82f140\" data-element_type=\"widget\" data-widget_type=\"spacer.default\">\n\t\t\t\t<div class=\"elementor-widget-container\">\n\t\t\t\t\t<div class=\"elementor-spacer\">\n\t\t\t<div class=\"elementor-spacer-inner\"><\/div>\n\t\t<\/div>\n\t\t\t\t<\/div>\n\t\t\t\t<\/div>\n\t\t\t\t<div class=\"elementor-element elementor-element-b2c142d elementor-position-left animated-slow elementor-position-top elementor-vertical-align-middle elementor-vertical-align-top elementor-invisible elementor-widget elementor-widget-image-box\" data-id=\"b2c142d\" data-element_type=\"widget\" data-settings=\"{&quot;_animation&quot;:&quot;fadeInRight&quot;}\" data-widget_type=\"image-box.default\">\n\t\t\t\t<div class=\"elementor-widget-container\">\n\t\t\t<div class=\"elementor-image-box-wrapper\"><figure class=\"elementor-image-box-img\"><img decoding=\"async\" width=\"1620\" height=\"1080\" src=\"https:\/\/hetman.augustow.pl\/wp-content\/uploads\/2024\/10\/hetman_jesien_12.jpg\" class=\"attachment-full size-full wp-image-901\" alt=\"\" srcset=\"https:\/\/hetman.augustow.pl\/wp-content\/uploads\/2024\/10\/hetman_jesien_12.jpg 1620w, https:\/\/hetman.augustow.pl\/wp-content\/uploads\/2024\/10\/hetman_jesien_12-300x200.jpg 300w, https:\/\/hetman.augustow.pl\/wp-content\/uploads\/2024\/10\/hetman_jesien_12-1024x683.jpg 1024w, https:\/\/hetman.augustow.pl\/wp-content\/uploads\/2024\/10\/hetman_jesien_12-768x512.jpg 768w, https:\/\/hetman.augustow.pl\/wp-content\/uploads\/2024\/10\/hetman_jesien_12-1536x1024.jpg 1536w\" sizes=\"(max-width: 1620px) 100vw, 1620px\" \/><\/figure><div class=\"elementor-image-box-content\"><p class=\"elementor-image-box-description\">Zajazd Turystyczny \u201eHetman\u201d po\u0142o\u017cony jest malowniczo na tzw. Bia\u0142ej G\u00f3rze nad jeziorem Necko, otoczony borem sosnowym, zaliczanym do zabytk\u00f3w przyrody. Obiekt stanowi nadal wzorzec inwestycji turystycznej.<\/p><\/div><\/div>\t\t<\/div>\n\t\t\t\t<\/div>\n\t\t\t\t<div class=\"elementor-element elementor-element-37bb129 elementor-widget elementor-widget-spacer\" data-id=\"37bb129\" data-element_type=\"widget\" data-widget_type=\"spacer.default\">\n\t\t\t\t<div class=\"elementor-widget-container\">\n\t\t\t\t\t<div class=\"elementor-spacer\">\n\t\t\t<div class=\"elementor-spacer-inner\"><\/div>\n\t\t<\/div>\n\t\t\t\t<\/div>\n\t\t\t\t<\/div>\n\t\t\t\t<div class=\"elementor-element elementor-element-c7a5c5d elementor-position-right animated-slow elementor-position-top elementor-vertical-align-middle elementor-vertical-align-top elementor-invisible elementor-widget elementor-widget-image-box\" data-id=\"c7a5c5d\" data-element_type=\"widget\" data-settings=\"{&quot;_animation&quot;:&quot;fadeInLeft&quot;}\" data-widget_type=\"image-box.default\">\n\t\t\t\t<div class=\"elementor-widget-container\">\n\t\t\t<div class=\"elementor-image-box-wrapper\"><figure class=\"elementor-image-box-img\"><img decoding=\"async\" width=\"1620\" height=\"1080\" src=\"https:\/\/hetman.augustow.pl\/wp-content\/uploads\/2024\/10\/hetman_jesien_02.jpg\" class=\"attachment-full size-full wp-image-891\" alt=\"\" srcset=\"https:\/\/hetman.augustow.pl\/wp-content\/uploads\/2024\/10\/hetman_jesien_02.jpg 1620w, https:\/\/hetman.augustow.pl\/wp-content\/uploads\/2024\/10\/hetman_jesien_02-300x200.jpg 300w, https:\/\/hetman.augustow.pl\/wp-content\/uploads\/2024\/10\/hetman_jesien_02-1024x683.jpg 1024w, https:\/\/hetman.augustow.pl\/wp-content\/uploads\/2024\/10\/hetman_jesien_02-768x512.jpg 768w, https:\/\/hetman.augustow.pl\/wp-content\/uploads\/2024\/10\/hetman_jesien_02-1536x1024.jpg 1536w\" sizes=\"(max-width: 1620px) 100vw, 1620px\" \/><\/figure><div class=\"elementor-image-box-content\"><p class=\"elementor-image-box-description\">Zajazd dysponuje 79 miejscami noclegowymi w pokojach dwu i trzyosobowych oraz apartamentach. Zapewniamy mi\u0142\u0105 i solidn\u0105 obs\u0142ug\u0119. Serdecznie zapraszamy do skorzystania z naszych us\u0142ug.<\/p><\/div><\/div>\t\t<\/div>\n\t\t\t\t<\/div>\n\t\t\t\t<div class=\"elementor-element elementor-element-a1330bd elementor-widget elementor-widget-spacer\" data-id=\"a1330bd\" data-element_type=\"widget\" data-widget_type=\"spacer.default\">\n\t\t\t\t<div class=\"elementor-widget-container\">\n\t\t\t\t\t<div class=\"elementor-spacer\">\n\t\t\t<div class=\"elementor-spacer-inner\"><\/div>\n\t\t<\/div>\n\t\t\t\t<\/div>\n\t\t\t\t<\/div>\n\t\t\t\t\t<\/div>\n\t\t\t\t<\/div>\n\t\t\t\t<\/div>\n\t\t","protected":false},"excerpt":{"rendered":"<p>ZAJAZD DYSPONUJE PONAD 100 MIEJSCAMI NOCLEGOWYMI. POSIADAMY POKOJE &nbsp;2, 3, 4 ORAZ 5 OSOBOWE. Zajazd Turystyczny \u201eHetman\u201d wybudowano w 1939r. [&hellip;]<\/p>\n","protected":false},"author":1,"featured_media":0,"parent":0,"menu_order":0,"comment_status":"closed","ping_status":"closed","template":"","meta":{"_eb_attr":"","site-sidebar-layout":"no-sidebar","site-content-layout":"","ast-site-content-layout":"full-width-container","site-content-style":"default","site-sidebar-style":"default","ast-global-header-display":"","ast-banner-title-visibility":"","ast-main-header-display":"","ast-hfb-above-header-display":"","ast-hfb-below-header-display":"","ast-hfb-mobile-header-display":"","site-post-title":"disabled","ast-breadcrumbs-content":"","ast-featured-img":"disabled","footer-sml-layout":"","theme-transparent-header-meta":"","adv-header-id-meta":"","stick-header-meta":"","header-above-stick-meta":"","header-main-stick-meta":"","header-below-stick-meta":"","astra-migrate-meta-layouts":"default","ast-page-background-enabled":"default","ast-page-background-meta":{"desktop":{"background-color":"var(--ast-global-color-4)","background-image":"","background-repeat":"repeat","background-position":"center center","background-size":"auto","background-attachment":"scroll","background-type":"","background-media":"","overlay-type":"","overlay-color":"","overlay-opacity":"","overlay-gradient":""},"tablet":{"background-color":"","background-image":"","background-repeat":"repeat","background-position":"center center","background-size":"auto","background-attachment":"scroll","background-type":"","background-media":"","overlay-type":"","overlay-color":"","overlay-opacity":"","overlay-gradient":""},"mobile":{"background-color":"","background-image":"","background-repeat":"repeat","background-position":"center center","background-size":"auto","background-attachment":"scroll","background-type":"","background-media":"","overlay-type":"","overlay-color":"","overlay-opacity":"","overlay-gradient":""}},"ast-content-background-meta":{"desktop":{"background-color":"var(--ast-global-color-5)","background-image":"","background-repeat":"repeat","background-position":"center center","background-size":"auto","background-attachment":"scroll","background-type":"","background-media":"","overlay-type":"","overlay-color":"","overlay-opacity":"","overlay-gradient":""},"tablet":{"background-color":"var(--ast-global-color-5)","background-image":"","background-repeat":"repeat","background-position":"center center","background-size":"auto","background-attachment":"scroll","background-type":"","background-media":"","overlay-type":"","overlay-color":"","overlay-opacity":"","overlay-gradient":""},"mobile":{"background-color":"var(--ast-global-color-5)","background-image":"","background-repeat":"repeat","background-position":"center center","background-size":"auto","background-attachment":"scroll","background-type":"","background-media":"","overlay-type":"","overlay-color":"","overlay-opacity":"","overlay-gradient":""}},"footnotes":""},"class_list":["post-887","page","type-page","status-publish","hentry"],"_links":{"self":[{"href":"https:\/\/hetman.augustow.pl\/index.php?rest_route=\/wp\/v2\/pages\/887"}],"collection":[{"href":"https:\/\/hetman.augustow.pl\/index.php?rest_route=\/wp\/v2\/pages"}],"about":[{"href":"https:\/\/hetman.augustow.pl\/index.php?rest_route=\/wp\/v2\/types\/page"}],"author":[{"embeddable":true,"href":"https:\/\/hetman.augustow.pl\/index.php?rest_route=\/wp\/v2\/users\/1"}],"replies":[{"embeddable":true,"href":"https:\/\/hetman.augustow.pl\/index.php?rest_route=%2Fwp%2Fv2%2Fcomments&post=887"}],"version-history":[{"count":36,"href":"https:\/\/hetman.augustow.pl\/index.php?rest_route=\/wp\/v2\/pages\/887\/revisions"}],"predecessor-version":[{"id":1007,"href":"https:\/\/hetman.augustow.pl\/index.php?rest_route=\/wp\/v2\/pages\/887\/revisions\/1007"}],"wp:attachment":[{"href":"https:\/\/hetman.augustow.pl\/index.php?rest_route=%2Fwp%2Fv2%2Fmedia&parent=887"}],"curies":[{"name":"wp","href":"https:\/\/api.w.org\/{rel}","templated":true}]}}